What is the remainder when 105 is divided by 19?
10
What is the remainder when 436 is divided by 63?
58
Calculate the remainder when 50 is divided by 11.
6
What is the remainder when 896 is divided by 18?
14
What is the remainder when 659 is divided by 60?
59
Calculate the remainder when 126 is divided by 3.
0
Calculate the remainder when 8897 is divided by 129.
125
What is the remainder when 11871 is divided by 25?
21
What is the remainder when 1758 is divided by 583?
9
Calculate the remainder when 427 is divided by 16.
11
Calculate the remainder when 760 is divided by 124.
16
What is the remainder when 2353 is divided by 62?
59
What is the remainder when 601 is divided by 95?
31
What is the remainder when 674 is divided by 621?
53
Calculate the remainder when 1804 is divided by 898.
8
What is the remainder when 1447 is divided by 355?
27
Calculate the remainder when 86 is divided by 31.
24
What is the remainder when 568 is divided by 14?
8
What is the remainder when 598 is divided by 14?
10
What is the remainder when 25 is divided by 21?
4
What is the remainder when 513 is divided by 95?
38
Calculate the remainder when 139 is divided by 51.
37
What is the remainder when 223 is divided by 75?
73
Calculate the remainder when 205 is divided by 52.
49
What is the remainder when 209 is divided by 42?
41
Calculate the remainder when 125 is divided by 21.
20
Calculate the remainder when 79 is divided by 73.
6
What is the remainder when 155 is divided by 135?
20
What is the remainder when 243 is divided by 61?
60
What is the remainder when 446 is divided by 148?
2
What is the remainder when 172 is divided by 115?
57
What is the remainder when 3443 is divided by 1144?
11
What is the remainder when 207 is divided by 50?
7
Calculate the remainder when 553 is divided by 39.
7
What is the remainder when 850 is divided by 14?
10
What is the remainder when 116 is divided by 21?
11
What is the remainder when 366 is divided by 118?
12
Calculate the remainder when 595 is divided by 584.
11
Calculate the remainder when 2452 is divided by 134.
40
Calculate the remainder when 674 is divided by 119.
79
Calculate the remainder when 2178 is divided by 115.
108
What is the remainder when 255 is divided by 92?
71
What is the remainder when 330 is divided by 153?
24
What is the remainder when 1336 is divided by 97?
75
Calculate the remainder when 1504 is divided by 26.
22
What is the remainder when 148 is divided by 129?
19
Calculate the remainder when 294 is divided by 9.
6
What is the remainder when 607 is divided by 101?
1
What is the remainder when 73 is divided by 41?
32
Calculate the remainder when 582 is divided by 16.
6
Calculate the remainder when 804 is divided by 68.
56
What is the remainder when 2176 is divided by 241?
7
What is the remainder when 82 is divided by 39?
4
What is the remainder when 5990 is divided by 13?
10
What is the remainder when 585 is divided by 18?
9
What is the remainder when 424 is divided by 86?
80
Calculate the remainder when 128 is divided by 100.
28
What is the remainder when 278 is divided by 27?
8
Calculate the remainder when 773 is divided by 86.
85
What is the remainder when 1590 is divided by 59?
56
Calculate the remainder when 1578 is divided by 170.
48
Calculate the remainder when 1177 is divided by 74.
67
Calculate the remainder when 117 is divided by 15.
12
What is the remainder when 18 is divided by 18?
0
What is the remainder when 207 is divided by 27?
18
What is the remainder when 430 is divided by 20?
10
What is the remainder when 104 is divided by 18?
14
Calculate the remainder when 71 is divided by 25.
21
Calculate the remainder when 131 is divided by 68.
63
Calculate the remainder when 1042 is divided by 343.
13
What is the remainder when 257 is divided by 52?
49
What is the remainder when 4167 is divided by 149?
144
What is the remainder when 498 is divided by 53?
21
What is the remainder when 222 is divided by 141?
81
What is the remainder when 1660 is divided by 88?
76
Calculate the remainder when 235 is divided by 119.
116
Calculate the remainder when 228 is divided by 47.
40
What is the remainder when 1881 is divided by 52?
9
What is the remainder when 83 is divided by 39?
5
What is the remainder when 73214 is divided by 256?
254
What is the remainder when 177 is divided by 67?
43
Calculate the remainder when 778 is divided by 11.
8
What is the remainder when 269 is divided by 15?
14
Calculate the remainder when 8259 is divided by 51.
48
Calculate the remainder when 491 is divided by 124.
119
Calculate the remainder when 224 is divided by 38.
34
What is the remainder when 337 is divided by 17?
14
Calculate the remainder when 524 is divided by 25.
24
What is the remainder when 71 is divided by 20?
11
Calculate the remainder when 458 is divided by 164.
130
What is the remainder when 241 is divided by 114?
13
Calculate the remainder when 916 is divided by 75.
16
Calculate the remainder when 2065 is divided by 44.
41
What is the remainder when 1287 is divided by 35?
27
What is the remainder when 220 is divided by 46?
36
What is the remainder when 709 is divided by 150?
109
What is the remainder when 141 is divided by 6?
3
Calculate the remainder when 1181 is divided by 1174.
7
What is the remainder when 7964 is divided by 30?
14
What is the remainder when 251 is divided by 28?
27
What is the remainder when 285 is divided by 12?
9
What is the remainder when 197 is divided by 58?
23
Calculate the remainder when 284 is divided by 95.
94
What is the remainder when 380 is divided by 39?
29
What is the remainder when 138 is divided by 28?
26
What is the remainder when 432 is divided by 22?
14
What is the remainder when 211 is divided by 76?
59
Calculate the remainder when 77 is divided by 38.
1
Calculate the remainder when 49 is divided by 15.
4
Calculate the remainder when 819 is divided by 48.
3
What is the remainder when 627 is divided by 42?
39
What is the remainder when 263 is divided by 2?
1
What is the remainder when 22 is divided by 2?
0
Calculate the remainder when 4169 is divided by 15.
14
What is the remainder when 830 is divided by 16?
14
What is the remainder when 175 is divided by 18?
13
Calculate the remainder when 1221 is divided by 136.
133
Calculate the remainder when 346 is divided by 11.
5
Calculate the remainder when 235 is divided by 180.
55
What is the remainder when 354 is divided by 111?
21
Calculate the remainder when 45 is divided by 8.
5
Calculate the remainder when 832 is divided by 69.
4
Calculate the remainder when 1431 is divided by 25.
6
Calculate the remainder when 2749 is divided by 2742.
7
What is the remainder when 26 is divided by 11?
4
Calculate the remainder when 40 is divided by 2.
0
Calculate the remainder when 865 is divided by 52.
33
Calculate the remainder when 188 is divided by 49.
41
Calculate the remainder when 1850 is divided by 104.
82
Calculate the remainder when 2348 is divided by 29.
28
What is the remainder when 5864 is divided by 14?
12
What is the remainder when 3052 is divided by 435?
7
Calculate the remainder when 7846 is divided by 50.
46
What is the remainder when 868 is divided by 58?
56
What is the remainder when 1763 is divided by 136?
131
What is the remainder when 67 is divided by 31?
5
Calculate the remainder when 118 is divided by 67.
51
Calculate the remainder when 219 is divided by 17.
15
What is the remainder when 87 is divided by 10?
7
What is the remainder when 43 is divided by 17?
9
What is the remainder when 201 is divided by 33?
3
What is the remainder when 77 is divided by 21?
14
Calculate the remainder when 3623 is divided by 5.
3
Calculate the remainder when 1534 is divided by 219.
1
Calculate the remainder when 273 is divided by 9.
3
What is the remainder when 128 is divided by 27?
20
What is the remainder when 1531 is divided by 258?
241
What is the remainder when 883 is divided by 59?
57
What is the remainder when 1062 is divided by 28?
26
What is the remainder when 703 is divided by 218?
49
Calculate the remainder when 223 is divided by 45.
43
Calculate the remainder when 13 is divided by 2.
1
Calculate the remainder when 5002 is divided by 77.
74
What is the remainder when 133 is divided by 63?
7
Calculate the remainder when 207 is